).
30
Calculate 34 + (16 - 2) + 56 + -7.
97
-200 - 2 - (-1809 + 1698)
-91
(-55 - -9) + -1 + (8 - (12 + 9))
-60
Calculate (27 - 17) + -14 + (-2 - -50) - 20.
24
31 - (37 + -31 - -32) - -16
9
What is the value of -156 - (66 + -2 + -84)?
-136
Calculate (-1 - 96) + 9 + -95 + 81 + 23 + -7.
-86
Evaluate -10 + (-42 - (8 + 0 - 6 - 6)).
-48
What is the value of 28 + -22 - (-16 + 6 + (-130 - 6))?
152
(-92 - (-52 - -41)) + 1
-80
What is (-3 - 0 - 28) + (82 + 15 - 105)?
-39
Calculate (-11 - (-1 - (0 + (-7 - -18)) - -8)) + -20.
-27
What is the value of 8 - (-6 - -6) - (-1 + -4 + 6) - -30?
37
What is 10 - (-51 + 12 + 23 - -27)?
-1
Calculate -12 + 18 + 37 + (9 - (7 - -13)).
32
What is 36 - (5 + -9 - 7 - -29)?
18
What is the value of 225 + -209 - (-66 + -3 - (10 + -9))?
86
Calculate (15 + -7 + -23 - -14) + (3 + -4 - -21).
19
Calculate (777 - 843) + (80 - -2).
16
(62 - 2) + (357 - 354) + (18 - (4 - -2))
75
What is the value of 18 - (152 + (-28 - 51))?
-55
What is the value of (9 - 6) + -15 + -29 + 21?
-20
-340 - -317 - (2 - 43)
18
Evaluate (34 - 9 - 71) + 16 + -36.
-66
Calculate -12 + 6 + 11 + -17 + 7 + 38.
33
Calculate (4 - -1) + -2 + 4 + -7 + 32 + -6.
26
Calculate -19 + (28 - (-12 + 15)) + -13.
-7
-1 - 13 - (-16 + (-4 + 9 - -50))
-53
What is the value of (38 - 37) + -4 + (-15 + 0 + 7 - -38)?
27
5 + (-20 - -37) + -8 - 58
-44
What is the value of (30 - (38 - 53)) + 7?
52
Calculate -81 - (-43 + (13 + 40 - 22)).
-69
Calculate (11 - ((14 - 1) + -3) - 6) + (13 - -2).
10
(2 - -3) + -15 + (-57 - -41) + (12 - -3)
-11
Evaluate 16 + (-4 - 2) + -22 + 27 + 16.
31
Evaluate -8 + (14 - (9 + -11 - 12 - -78)).
-58
1 + (-183 - -103 - (-7 - 0) - 2)
-74
What is (15 - -2) + -1 + (-14 + -6 - -31) + -22?
5
Evaluate 740 + -790 + (4 - (2 - -2)) + -4.
-54
What is the value of (-1 - -7) + (11 + 8 - 42)?
-17
Evaluate -63 - (-76 - (-101 - -29)).
-59
Calculate -38 - (-45 - -76 - 68).
-1
What is the value of -1 + -82 + (8 + -13 - -49 - 36) + 12?
-63
What is the value of 138 + -33 + (-92 - 58)?
-45
What is -74 - -44 - (1 + -31)?
0
Calculate -13 + -15 + 12 - -131 - (-41 - -21).
135
(-103 + 81 - (-1 - -1) - 7) + -13
-42
Calculate 13 + (21 - (22 + -11)) + -28 - 24.
-29
What is the value of (-14 - (-34 + 19 + 27)) + -39?
-65
What is the value of -1 + 21 - ((9 - 1) + (7 - (10 + 5)))?
20
What is -55 - (6 + -18 + 20 + -7)?
-56
What is the value of 30 - (26 + 58) - (-10 - (-1 - 1))?
-46
Calculate 1 - -10 - (-16 - 50 - -50).
27
What is 7 - (-201 - -207 - (-7 + 0 + 2))?
-4
Evaluate -8 - 3 - (8 + 3 + -20 + 8 - 53).
43
Evaluate 10 - (8 + 14 - 8) - (41 + 5).
-50
What is 60 + (-19 - (93 - 39))?
-13
Calculate -22 - (-4 + -31) - (-119 + (10 - 9)).
131
What is the value of 0 + -28 + (-669 - -691)?
-6
What is 9 + -11 - 52 - (-1 - (4 - -3))?
-46
-52 - (64 + -31) - -24 - (3 + -12 + 1)
-53
What is -145 + (-10 - -12) + 8 - (4 - (-6 - -14))?
-131
What is 2 + -141 + (9 - (-37 + 40)) - (-3 - 13)?
-117
Evaluate 42 + -1 + 2069 + -2110 + -1.
-1
Evaluate 17 + (-15 - 105 - -25) + 11 - (1 - 8).
-60
(-131 + 76 - 37) + -16 + -9
-117
Calculate (6 - 13) + (-5 - -14) + 4 + -14.
-8
What is 11 + (-84 - -60) + 2 + 43?
32
Calculate -1 + -43 + (145 - 91 - 101).
-91
Calculate -40 + (5 - ((294 - 298) + 14 + 0 + -11)).
-34
What is the value of 52 - (94 - 30) - (4 - (-85 - -1))?
-100
Evaluate 134 + (445 - 523 - (5 - 43)).
94
What is the value of -38 + 57 - 19 - (4 + 2 + 4 + -13)?
3
What is the value of 13 + (9 - (-140 - -233))?
-71
What is the value of -6 + -134 - -40 - -10?
-90
Calculate (-145 - -180) + -18 + -2 - 20.
-5
Calculate 21 + (-27 + 22 - -8) - 15.
9
Evaluate (10 - -1) + (112 - 115) + 5 + 1.
14
What is the value of 5 + -3 + 16 + -30 + 14 + 15?
17
What is (0 - (26 - 1)) + (-3 - 10 - -10)?
-28
What is the value of (-433 - -467) + -23 + 0?
11
Evaluate (76 - 101 - -58) + (-2 - 1) + (7 - -7).
44
Evaluate 6 - ((14 - 8 - (-29 - -34)) + 54).
-49
15 + 73 + -25 - (27 + -8)
44
(63 + -13 - 52) + (-2 - (10 + 8 + -4))
-18
What is the value of -1 - 6 - ((34 - -11) + -95)?
43
11 - (57 + (-32 - -6)) - -30
10
Evaluate -1802 - -1861 - (-8 - -2 - 34).
99
Evaluate 16 + (-7 + -30 - -18) - (-1 + -1) - 56.
-57
What is (17 - (3 + 5)) + -3 + (21 - 6)?
21
Calculate -21 + (-101 - -73) + -3.
-52
Calculate (2 - 30) + 65 + -18.
19
What is the value of (1 + 23 - 90 - -32) + -59?
-93
Evaluate 26 + 4 + -14 + 378 + -322.
72
Evaluate (-28 - (25 - (-10 - -23))) + 27 + (-1 - -56).
42
-16 + -20 + 26 - 8 - 13
-31
(-695 - -737 - (9 - 0)) + 9
42
Calculate (9 - -82) + -63 - (-2 + -3).
33
Calculate -199 + 1 - (-3564 - -3438).
-72
(-27 - 89) + (-230 - -251)
-95
Calculate (-10 + -15 - (-23 - 1)) + -26.
-27
What is the value of (-29 - 98) + 66 - -36?
-25
What is 28 + -80 + 31 + 16 - (0 + 0 + -15)?
10
What is -24 - -2 - (1 - (-5 + 3) - (-665 - -681))?
-9
What is 20 + -1 - (10 - (-13 + (-1 + -8 - -27)))?
14
-19 + (-18 - -9 - -6) - (-175 - -8)
145
Calculate -29 + 22 + (12 - 21) + (-13 - -4).
-25
What is the value of -58 + (45 - (-82 - -51))?
18
What is the value of -3 - -67 - (-1107 + 1184)?
-13
Evaluate (-61 - (14 + -34)) + (-6 - -9) - -15.
-23
What is (138 - 178) + 90 - -28?
78
24 - -3 - (114 + -48)
-39
What is (-117 - (-135 - 5)) + (-1 + 3 - 12)?
13
What is (94 - 106) + -54 + 42?
-24
20 + -48 - (-37 - -12) - (1 - 47)
43
5 + 102 + 323 + -374
56
Calculate -104 + 0 + (-598 - -582 - (-17 - 1)).
-102
Evaluate 46 - (2 - -8 - (-27 - -58)).
67
43 + -8 - (-19 + (16 - 22))
60
Calculate -81 - (-77 + 95 + -55).
-44
What is -19 + 2 + 117 + -93 + -31 + -9?
-33
Evaluate (-28 - -44 - -9) + 37 - 22.
40
What is 41 - (-37 + 39 + 2)?
37
Evaluate 52 + (-51 + 16 - -14).
31
38 + -32 - ((10 - -4) + 2 + -8)
-2
What is 52 + (-10 - (0 + (-18 + 14 - -2)))?
44
Calculate 15 - -5 - (-7 - 4) - -8.
39
What is the value of -16 + 10 - (-54 - -2 - -1) - (-21 - -28)?
38
Calculate -33 - (-12 + (-8 - -8)) - 2.
-23
(-23 - -3) + 3 + 32 + 9 + -23
1
Calculate -82 - -64 - (3 + (6 - 2) + 0).
-25
What is (11 - -1) + -4 + -12 + -9 + 27 + 0?
14
What is the value of (-1 - -11) + -71 + 40 + 41 + -78 + -1?
-59
What is the value of 37 - (15 - -18) - (0 - -8 - -3)?
-7
Calculate -159 - (8 + -68) - -51.
-48
(-6 - -22) + -16 + -37 - (-11 - -2)
-28
What is 67 + ((1 - -12) + -15 - (-10 - 1))?
76
What is the value of 10 + (35 - (34 - 38))?
49
Evaluate 76 + -190 + 66 - (-1 - 16).
-31
What is -1 + 7 + -1 + 6 + -52 + 77?
36
What is 28 - (10 + 5 + -5 - (56 + -42))?
32
Calculate (1241 - 1244) + (-8 - 2).
-13
Calculate 15 - 2 - (552 - 554 - (-2 - 15)).
-2
-26 + 8 + 91 + -131
-58
What is the value of -74 - (-3 - -1 - (-17 - -39))?
-50
Calculate -12 + (-13 - -1 - (-29 + 40 + -45)).
10
Calculate 12 + (-143 - -257) - (-1 - -33).
94
(-27 - (0 - 2)) + 24 + -17
-18
-117 + 79 + 3 + 31
-4
Calculate (23 - (25 + 7 + -11)) + 86.
88
Evaluate (-3 - (4 - -4)) + 2 + -1 + -11.
-21
Evaluate -8 + 0 - (20 - (-1 - (-4 - 6) - -64)).
45
(-2 - (69 + -44)) + 69
42
What is -81 + 84 + (0 - 12) - 5 - -4?
-10
-87 + (33 - -16) + 70
32
Evaluate 81 - ((90 - 27) + 24).
-6
What is the value of (-51 - -43) + (1 - -8) - ((42 - 6) + -9)?
-26
What is 55 - ((73 - 38) + 19)?
1
Evaluate -38 + 44 + -19 + (14 - -5) - (-47 + 1).
52
What is the value of -20 + -28 + 4 + 67 + 17?
40
What is 97 - (60 - -23) - (90 - 1 - (0 + 2))?
-73
-16 + 7 + -3 + 6 + 36 + -16
14
Calculate -7 + (87 - 33) - 13.
34
Calculate -6 + 1 + -28 + (2 - 7) - (0 - -2).
-40
Evaluate (1 + 1 - -2 - -8) + (20 - 102 - -1).
-69
What is 370 + -359 + -3 + (26 - -5)?
39
What is the value of (-53 - -1) + (-2 + -16 + (5 - 1) - -4)?
-62
Evaluate (12 - (15 + -29 + (27 - 2))) + 41.
42
Evaluate 2 + 3 + 2 - (-8 + (12 - 7)).
10
Evaluate 32 + -27 - (9 - (5 + -9 - 3)).
-11
What is -9 + -3 - (-16 + -2 + (63 - 52) + -76)?
71
What is -2 + -1 + -22 - -25 - 50?
-50
-587 - -613 - (-21 + -2)
49
What is 1 + 1 + -7 - (144 + -188 + -45 + 12)?
72
What is the value of 10 - ((1482 - 1509) + (-1 - 24))?
62
-8 + -30 + (67 - -94)
123
-46 - 2 - (39 + -44) - (-10 - -11)
-44
40 + (6 - (31 - -26)) + (-75 - (-1 - 0))
-85
What is the value of 0 + (-12 - -2 - ((-16 - 5) + 13 - 2))?
0
Evaluate (27 - 37) + -18 + 11 + 4 + -3.
-16
What is the value of 14 + 15 + 70 - (4 + (1 - 9) + 3)?
100
Evaluate 23 + (-75 + 1 - -85).
34
Evaluate 35 - (255 + -303 - (-14 + 0)).
69
What is 71 + 0 - (10795 + -10789 - (3 - (2 - 2)))?
68
What is the value of 21 - (17 + -1